{"id":170,"date":"2020-02-11T11:01:24","date_gmt":"2020-02-11T10:01:24","guid":{"rendered":"http:\/\/3gun-lz.pl\/?page_id=170"},"modified":"2024-11-11T13:24:56","modified_gmt":"2024-11-11T12:24:56","slug":"galeria","status":"publish","type":"page","link":"https:\/\/3gun-lz.pl\/index.php\/galeria\/","title":{"rendered":"GALERIA"},"content":{"rendered":"\n<p style=\"text-align:center\"><strong>GALERIA ZDJ\u0118\u0106 ZAWOD\u00d3W 3GUN LZ 2020<\/strong><\/p>\n\n\n\n<div class=\"wp-block-image\"><figure class=\"aligncenter is-resized\"><a href=\"https:\/\/photos.app.goo.gl\/wHdAWRe7KrveKGUY9\"><img loading=\"lazy\" decoding=\"async\" src=\"http:\/\/3gun-lz.pl\/wp-content\/uploads\/2020\/09\/3GUN_LZ_2020_R1-1080-1024x683.jpg\" alt=\"\" class=\"wp-image-388\" width=\"354\" height=\"235\" srcset=\"https:\/\/3gun-lz.pl\/wp-content\/uploads\/2020\/09\/3GUN_LZ_2020_R1-1080-1024x683.jpg 1024w, https:\/\/3gun-lz.pl\/wp-content\/uploads\/2020\/09\/3GUN_LZ_2020_R1-1080-300x200.jpg 300w, https:\/\/3gun-lz.pl\/wp-content\/uploads\/2020\/09\/3GUN_LZ_2020_R1-1080-768x512.jpg 768w, https:\/\/3gun-lz.pl\/wp-content\/uploads\/2020\/09\/3GUN_LZ_2020_R1-1080-360x240.jpg 360w\" sizes=\"(max-width: 354px) 100vw, 354px\" \/><\/a><figcaption><strong>3GUN LZ 2020 &#8211; RUNDA 1 &#8211; 21.06.2020<\/strong><\/figcaption><\/figure><\/div>\n\n\n\n<div class=\"wp-block-image\"><figure class=\"aligncenter is-resized\"><a href=\"https:\/\/photos.app.goo.gl\/hHGtbWzgfxL3MiNA9\"><img loading=\"lazy\" decoding=\"async\" src=\"http:\/\/3gun-lz.pl\/wp-content\/uploads\/2020\/09\/010-1024x683.jpg\" alt=\"\" class=\"wp-image-384\" width=\"353\" height=\"235\" srcset=\"https:\/\/3gun-lz.pl\/wp-content\/uploads\/2020\/09\/010-1024x683.jpg 1024w, https:\/\/3gun-lz.pl\/wp-content\/uploads\/2020\/09\/010-300x200.jpg 300w, https:\/\/3gun-lz.pl\/wp-content\/uploads\/2020\/09\/010-768x512.jpg 768w, https:\/\/3gun-lz.pl\/wp-content\/uploads\/2020\/09\/010-360x240.jpg 360w\" sizes=\"(max-width: 353px) 100vw, 353px\" \/><\/a><figcaption><strong>3GUN LZ 2020 &#8211; RUNDA 2 &#8211; 02.08.2020<\/strong><\/figcaption><\/figure><\/div>\n\n\n\n<div class=\"wp-block-image\"><figure class=\"aligncenter is-resized\"><a href=\"https:\/\/photos.app.goo.gl\/egws2QFc6T5aJf338\"><img loading=\"lazy\" decoding=\"async\" src=\"http:\/\/3gun-lz.pl\/wp-content\/uploads\/2020\/09\/3GUNLZ2020R3-652-1024x683.jpg\" alt=\"\" class=\"wp-image-381\" width=\"351\" height=\"233\" srcset=\"https:\/\/3gun-lz.pl\/wp-content\/uploads\/2020\/09\/3GUNLZ2020R3-652-1024x683.jpg 1024w, https:\/\/3gun-lz.pl\/wp-content\/uploads\/2020\/09\/3GUNLZ2020R3-652-300x200.jpg 300w, https:\/\/3gun-lz.pl\/wp-content\/uploads\/2020\/09\/3GUNLZ2020R3-652-768x512.jpg 768w, https:\/\/3gun-lz.pl\/wp-content\/uploads\/2020\/09\/3GUNLZ2020R3-652-360x240.jpg 360w\" sizes=\"(max-width: 351px) 100vw, 351px\" \/><\/a><figcaption><strong>3GUN LZ 2020 &#8211; RUNDA 3 &#8211; 13.09.2020<\/strong><\/figcaption><\/figure><\/div>\n\n\n\n<div class=\"wp-block-image\"><figure class=\"aligncenter is-resized\"><a href=\"https:\/\/photos.app.goo.gl\/qxLZXNzS1xGtn1pUA\"><img loading=\"lazy\" decoding=\"async\" src=\"http:\/\/3gun-lz.pl\/wp-content\/uploads\/2020\/11\/LZ2020R4_M-930-1024x683.jpg\" alt=\"\" class=\"wp-image-422\" width=\"352\" height=\"234\" srcset=\"https:\/\/3gun-lz.pl\/wp-content\/uploads\/2020\/11\/LZ2020R4_M-930-1024x683.jpg 1024w, https:\/\/3gun-lz.pl\/wp-content\/uploads\/2020\/11\/LZ2020R4_M-930-300x200.jpg 300w, https:\/\/3gun-lz.pl\/wp-content\/uploads\/2020\/11\/LZ2020R4_M-930-768x512.jpg 768w, https:\/\/3gun-lz.pl\/wp-content\/uploads\/2020\/11\/LZ2020R4_M-930-360x240.jpg 360w\" sizes=\"(max-width: 352px) 100vw, 352px\" \/><\/a><figcaption> <strong>3GUN LZ 2020 &#8211; RUNDA 4 &#8211; 11.10.2020<\/strong> <\/figcaption><\/figure><\/div>\n\n\n\n<p style=\"text-align:center\"><strong>GALERIA ZDJ\u0118\u0106 ZAWOD\u00d3W 3GUN LZ 2019<\/strong><\/p>\n\n\n\n<div class=\"wp-block-image\"><figure class=\"aligncenter is-resized\"><a href=\"https:\/\/photos.app.goo.gl\/mbx9owXseXawc9qE9\"><img loading=\"lazy\" decoding=\"async\" src=\"http:\/\/3gun-lz.pl\/wp-content\/uploads\/2020\/09\/608-1024x683.jpg\" alt=\"\" class=\"wp-image-376\" width=\"359\" height=\"239\" srcset=\"https:\/\/3gun-lz.pl\/wp-content\/uploads\/2020\/09\/608-1024x683.jpg 1024w, https:\/\/3gun-lz.pl\/wp-content\/uploads\/2020\/09\/608-300x200.jpg 300w, https:\/\/3gun-lz.pl\/wp-content\/uploads\/2020\/09\/608-768x512.jpg 768w, https:\/\/3gun-lz.pl\/wp-content\/uploads\/2020\/09\/608-360x240.jpg 360w\" sizes=\"(max-width: 359px) 100vw, 359px\" \/><\/a><figcaption><strong>3GUN LZ 2019 &#8211; RUNDA 1 &#8211; 07.04.2019<\/strong><\/figcaption><\/figure><\/div>\n\n\n\n<div class=\"wp-block-image\"><figure class=\"aligncenter is-resized\"><a href=\"https:\/\/photos.app.goo.gl\/baV7mCP2ZhXtmAy77\"><img loading=\"lazy\" decoding=\"async\" src=\"http:\/\/3gun-lz.pl\/wp-content\/uploads\/2020\/09\/613-1024x683.jpg\" alt=\"\" class=\"wp-image-374\" width=\"359\" height=\"239\" srcset=\"https:\/\/3gun-lz.pl\/wp-content\/uploads\/2020\/09\/613-1024x683.jpg 1024w, https:\/\/3gun-lz.pl\/wp-content\/uploads\/2020\/09\/613-300x200.jpg 300w, https:\/\/3gun-lz.pl\/wp-content\/uploads\/2020\/09\/613-768x512.jpg 768w, https:\/\/3gun-lz.pl\/wp-content\/uploads\/2020\/09\/613-360x240.jpg 360w\" sizes=\"(max-width: 359px) 100vw, 359px\" \/><\/a><figcaption><strong>3GUN LZ 2019 &#8211; RUNDA 2 &#8211; 12.05.2019<\/strong><\/figcaption><\/figure><\/div>\n\n\n\n<div class=\"wp-block-image\"><figure class=\"aligncenter is-resized\"><a href=\"https:\/\/photos.app.goo.gl\/KyCSerEXWyLPtc7Q8\"><img loading=\"lazy\" decoding=\"async\" src=\"http:\/\/3gun-lz.pl\/wp-content\/uploads\/2020\/09\/510-1024x683.jpg\" alt=\"\" class=\"wp-image-371\" width=\"353\" height=\"235\" srcset=\"https:\/\/3gun-lz.pl\/wp-content\/uploads\/2020\/09\/510-1024x683.jpg 1024w, https:\/\/3gun-lz.pl\/wp-content\/uploads\/2020\/09\/510-300x200.jpg 300w, https:\/\/3gun-lz.pl\/wp-content\/uploads\/2020\/09\/510-768x512.jpg 768w, https:\/\/3gun-lz.pl\/wp-content\/uploads\/2020\/09\/510-360x240.jpg 360w\" sizes=\"(max-width: 353px) 100vw, 353px\" \/><\/a><figcaption><strong>3GUN LZ 2019 &#8211; RUNDA 3 &#8211; 16.06.2019<\/strong><\/figcaption><\/figure><\/div>\n\n\n\n<div class=\"wp-block-image\"><figure class=\"aligncenter is-resized\"><a href=\"https:\/\/photos.app.goo.gl\/CicNDvZGJ8GmSjmb6\"><img loading=\"lazy\" decoding=\"async\" src=\"http:\/\/3gun-lz.pl\/wp-content\/uploads\/2020\/09\/693-1024x682.jpg\" alt=\"\" class=\"wp-image-368\" width=\"349\" height=\"232\" srcset=\"https:\/\/3gun-lz.pl\/wp-content\/uploads\/2020\/09\/693-1024x682.jpg 1024w, https:\/\/3gun-lz.pl\/wp-content\/uploads\/2020\/09\/693-300x200.jpg 300w, https:\/\/3gun-lz.pl\/wp-content\/uploads\/2020\/09\/693-768x512.jpg 768w, https:\/\/3gun-lz.pl\/wp-content\/uploads\/2020\/09\/693-360x240.jpg 360w\" sizes=\"(max-width: 349px) 100vw, 349px\" \/><\/a><figcaption><strong>3GUN LZ 2019 &#8211; RUNDA 4 &#8211; 08.09.2019<\/strong><br><\/figcaption><\/figure><\/div>\n\n\n\n<div class=\"wp-block-image\"><figure class=\"aligncenter is-resized\"><a href=\"https:\/\/photos.app.goo.gl\/8zr6utaUK6ucCnfK9\"><img loading=\"lazy\" decoding=\"async\" src=\"http:\/\/3gun-lz.pl\/wp-content\/uploads\/2020\/09\/084-1024x683.jpg\" alt=\"\" class=\"wp-image-393\" width=\"346\" height=\"230\" srcset=\"https:\/\/3gun-lz.pl\/wp-content\/uploads\/2020\/09\/084-1024x683.jpg 1024w, https:\/\/3gun-lz.pl\/wp-content\/uploads\/2020\/09\/084-300x200.jpg 300w, https:\/\/3gun-lz.pl\/wp-content\/uploads\/2020\/09\/084-768x512.jpg 768w, https:\/\/3gun-lz.pl\/wp-content\/uploads\/2020\/09\/084-360x240.jpg 360w\" sizes=\"(max-width: 346px) 100vw, 346px\" \/><\/a><figcaption><strong>3GUN LZ 2019 &#8211; RUNDA 5 &#8211; 06.10.2019<\/strong><\/figcaption><\/figure><\/div>\n","protected":false},"excerpt":{"rendered":"<p>GALERIA ZDJ\u0118\u0106 ZAWOD\u00d3W 3GUN LZ 2020 GALERIA ZDJ\u0118\u0106 ZAWOD\u00d3W 3GUN LZ 2019<\/p>\n","protected":false},"author":1,"featured_media":0,"parent":0,"menu_order":0,"comment_status":"closed","ping_status":"closed","template":"","meta":{"footnotes":""},"_links":{"self":[{"href":"https:\/\/3gun-lz.pl\/index.php\/wp-json\/wp\/v2\/pages\/170"}],"collection":[{"href":"https:\/\/3gun-lz.pl\/index.php\/wp-json\/wp\/v2\/pages"}],"about":[{"href":"https:\/\/3gun-lz.pl\/index.php\/wp-json\/wp\/v2\/types\/page"}],"author":[{"embeddable":true,"href":"https:\/\/3gun-lz.pl\/index.php\/wp-json\/wp\/v2\/users\/1"}],"replies":[{"embeddable":true,"href":"https:\/\/3gun-lz.pl\/index.php\/wp-json\/wp\/v2\/comments?post=170"}],"version-history":[{"count":19,"href":"https:\/\/3gun-lz.pl\/index.php\/wp-json\/wp\/v2\/pages\/170\/revisions"}],"predecessor-version":[{"id":424,"href":"https:\/\/3gun-lz.pl\/index.php\/wp-json\/wp\/v2\/pages\/170\/revisions\/424"}],"wp:attachment":[{"href":"https:\/\/3gun-lz.pl\/index.php\/wp-json\/wp\/v2\/media?parent=170"}],"curies":[{"name":"wp","href":"https:\/\/api.w.org\/{rel}","templated":true}]}}